e highest common divisor of 18 and 666?
18
What is the greatest common divisor of 20 and 670?
10
Calculate the greatest common divisor of 716 and 3043.
179
What is the greatest common factor of 112 and 2282?
14
Calculate the highest common divisor of 11645 and 340.
85
What is the highest common divisor of 954 and 126?
18
What is the highest common factor of 153 and 136?
17
Calculate the highest common factor of 75 and 2400.
75
What is the highest common factor of 6127 and 11?
11
What is the greatest common divisor of 154 and 994?
14
Calculate the greatest common divisor of 3 and 4377.
3
Calculate the highest common divisor of 1 and 569.
1
Calculate the greatest common factor of 217 and 5053.
31
Calculate the highest common divisor of 28 and 2268.
28
What is the highest common divisor of 994 and 14?
14
Calculate the greatest common divisor of 217 and 310.
31
What is the greatest common divisor of 2937 and 11?
11
What is the greatest common factor of 6 and 4?
2
What is the greatest common factor of 220 and 60?
20
What is the highest common divisor of 1276 and 22?
22
What is the greatest common divisor of 204 and 96?
12
Calculate the highest common divisor of 2 and 3108.
2
What is the highest common factor of 413 and 59?
59
Calculate the highest common divisor of 128 and 39456.
32
What is the highest common factor of 930 and 30?
30
What is the greatest common factor of 4 and 128?
4
Calculate the highest common factor of 248 and 104.
8
Calculate the highest common factor of 90 and 430.
10
What is the highest common divisor of 216 and 60?
12
What is the highest common divisor of 749 and 21?
7
What is the greatest common factor of 3990 and 102?
6
Calculate the highest common divisor of 80 and 55.
5
What is the highest common divisor of 180 and 2070?
90
What is the greatest common divisor of 13 and 715?
13
What is the highest common divisor of 510 and 6477?
51
What is the highest common factor of 387 and 86?
43
What is the greatest common factor of 7654 and 258?
86
Calculate the highest common divisor of 156 and 416.
52
What is the greatest common factor of 17 and 731?
17
Calculate the highest common divisor of 42 and 42.
42
What is the greatest common divisor of 559 and 442?
13
What is the greatest common divisor of 33 and 9?
3
What is the highest common factor of 36752 and 16?
16
Calculate the highest common factor of 32 and 1.
1
What is the greatest common divisor of 32 and 2160?
16
What is the greatest common divisor of 570 and 171?
57
Calculate the highest common divisor of 64 and 116.
4
What is the highest common factor of 1161 and 81?
27
What is the highest common divisor of 12 and 15?
3
What is the highest common divisor of 54 and 4?
2
Calculate the greatest common divisor of 8 and 134.
2
What is the greatest common divisor of 51 and 39287?
17
What is the highest common factor of 30 and 345?
15
What is the greatest common divisor of 33 and 319?
11
What is the highest common divisor of 60 and 105?
15
What is the greatest common factor of 8 and 944?
8
What is the greatest common factor of 119 and 91?
7
Calculate the highest common divisor of 8085 and 165.
165
What is the greatest common factor of 24 and 40?
8
What is the highest common divisor of 34320 and 264?
264
What is the highest common factor of 760 and 665?
95
Calculate the highest common divisor of 931 and 833.
49
Calculate the greatest common factor of 156 and 708.
12
What is the greatest common divisor of 46 and 322?
46
Calculate the greatest common divisor of 100 and 170.
10
What is the greatest common divisor of 264 and 352?
88
What is the highest common factor of 144 and 378?
18
What is the highest common divisor of 33 and 143?
11
Calculate the highest common factor of 110 and 1595.
55
Calculate the highest common divisor of 132 and 342.
6
Calculate the greatest common factor of 207 and 115.
23
Calculate the highest common divisor of 2618 and 68.
34
What is the highest common divisor of 97 and 485?
97
Calculate the greatest common divisor of 73 and 365.
73
What is the highest common divisor of 30 and 150?
30
Calculate the greatest common divisor of 285 and 180.
15
What is the highest common factor of 1010 and 10?
10
What is the highest common factor of 210 and 135?
15
Calculate the highest common divisor of 4 and 6.
2
What is the highest common divisor of 58 and 377?
29
What is the greatest common divisor of 16212 and 168?
84
Calculate the greatest common factor of 1 and 256.
1
What is the highest common factor of 669 and 3791?
223
What is the greatest common divisor of 219 and 1606?
73
What is the highest common factor of 6 and 2282?
2
Calculate the highest common divisor of 52902 and 18.
18
Calculate the greatest common factor of 1152 and 1032.
24
What is the greatest common divisor of 2424 and 101?
101
What is the greatest common divisor of 51 and 289?
17
What is the highest common factor of 12 and 930?
6
What is the highest common factor of 840 and 1200?
120
Calculate the highest common factor of 87287 and 191.
191
What is the greatest common divisor of 618 and 108?
6
Calculate the highest common factor of 140 and 7700.
140
Calculate the highest common divisor of 171 and 3648.
57
Calculate the greatest common factor of 3 and 565.
1
What is the highest common factor of 692 and 80?
4
Calculate the greatest common factor of 105315 and 105.
105
What is the greatest common divisor of 468 and 972?
36
Calculate the highest common factor of 1653 and 3.
3
Calculate the greatest common factor of 70 and 10430.
70
Calculate the highest common divisor of 2350 and 282.
94
What is the greatest common factor of 24409 and 77?
77
Calculate the greatest common divisor of 131 and 1.
1
Calculate the greatest common divisor of 28273 and 98.
49
What is the greatest common divisor of 34 and 255?
17
What is the highest common factor of 1245 and 135?
15
Calculate the greatest common factor of 4176 and 720.
144
What is the greatest common divisor of 141 and 188?
47
Calculate the greatest common factor of 64 and 8.
8
What is the greatest common divisor of 864 and 192?
96
What is the greatest common factor of 6525 and 145?
145
What is the greatest common factor of 33 and 528?
33
Calculate the highest common divisor of 42 and 182.
14
Calculate the highest common factor of 67 and 67.
67
Calculate the highest common divisor of 10 and 2830.
10
What is the highest common divisor of 111 and 6?
3
Calculate the greatest common factor of 101 and 2020.
101
What is the highest common divisor of 156 and 117?
39
Calculate the greatest common divisor of 205 and 82.
41
What is the greatest common divisor of 42 and 693?
21
Calculate the greatest common factor of 189 and 448.
7
What is the greatest common divisor of 219 and 803?
73
Calculate the highest common factor of 1705 and 1395.
155
What is the greatest common factor of 86 and 215?
43
Calculate the greatest common factor of 77 and 572.
11
Calculate the greatest common divisor of 462 and 546.
42
Calculate the highest common factor of 30 and 192.
6
What is the greatest common factor of 155 and 5?
5
Calculate the highest common factor of 7372 and 19.
19
What is the highest common divisor of 76 and 3724?
76
What is the greatest common factor of 324 and 36?
36
Calculate the greatest common divisor of 1930 and 1351.
193
What is the greatest common divisor of 51 and 153?
51
What is the highest common factor of 301 and 989?
43
What is the highest common divisor of 180 and 34110?
90
What is the greatest common divisor of 24 and 3072?
24
What is the greatest common factor of 79 and 711?
79
Calculate the highest common divisor of 2310 and 1890.
210
Calculate the highest common factor of 8942 and 34.
34
Calculate the greatest common factor of 450 and 950.
50
Calculate the greatest common divisor of 1026 and 228.
114
Calculate the highest common factor of 127 and 127.
127
What is the greatest common factor of 11408 and 16?
16
What is the highest common divisor of 30 and 6810?
30
What is the highest common factor of 29204 and 392?
196
What is the greatest common factor of 165 and 30?
15
What is the greatest common divisor of 23706 and 9?
9
What is the greatest common factor of 75 and 51?
3
What is the greatest common divisor of 3360 and 30?
30
What is the greatest common fact